 - 1444, -6*o + 3*y = -u*o - 948. What is the tens digit of o?
8
What is the thousands digit of 10 + -40 + 19 + 20367?
0
Let j(d) be the second derivative of d**5/10 - 43*d**4/12 + 43*d**3/6 - 43*d**2/2 - 16*d - 5. What is the hundreds digit of j(22)?
3
Let l be 0 + 1*((0 - -2) + 0). Suppose -3*z + 2*z + d + 387 = 0, -l*z - 5*d = -746. Let c = z - 201. What is the tens digit of c?
8
What is the hundreds digit of (-1151090)/(-236)*2/5?
9
What is the hundreds digit of (-17224)/(-24)*(8 - -1)?
4
Let z(c) = -7*c**2 + 17*c + 28. Let o(d) = -8*d**2 + 18*d + 28. Let a(w) = 6*o(w) - 7*z(w). Let r be a(18). Let g = r + -56. What is the tens digit of g?
4
Let x(d) = 6*d**2 + 585*d + 111. What is the tens digit of x(53)?
7
Suppose -9*l - 16 = -l. What is the hundreds digit of l/(-12) + (-6410)/(-180)*3?
1
Let h = -7510 - -34368. What is the ten thousands digit of h?
2
Suppose 0 = -s + 3 + 6. Let j(x) = 34*x + 33. What is the tens digit of j(s)?
3
Suppose 15 = 3*u + 3*p - 3, -3*u - 2*p + 17 = 0. Suppose -4*v - 30 = -u*r, 8*v + 29 = 2*r + 3*v. What is the units digit of 6*(r/(-6) + 253/66)?
1
Let p(x) be the second derivative of -x**4/6 - 59*x**3/6 + 14*x**2 + 38*x. Let c be p(-30). What is the units digit of -1 + 249 - (-6 - c)?
2
Let c(k) be the first derivative of 1/4*k**4 - 20 + 0*k**2 + 11/3*k**3 + 39*k. What is the tens digit of c(-11)?
3
Suppose 2*z - 2046 = 8*z. Let v = z - -605. What is the units digit of v?
4
Let m = -774 + 1816. Let i = -548 + m. What is the tens digit of i?
9
Let y(h) = 451 + 0*h - 445 + 2*h. Let t be y(-2). Suppose t*f - 896 = -2*f. What is the tens digit of f?
2
Suppose 3*h - 7*h - 18 = 5*w, -w - 2 = 0. Let z be (((-5)/2)/5)/(h/(-532)). Let t = 199 + z. What is the units digit of t?
6
Let t(n) = -84*n**3 + 375*n**3 + 849 - 851 - 3*n + 4*n**2. What is the units digit of t(1)?
0
Let z(x) = 260*x**2 - 88*x + 52. What is the units digit of z(-6)?
0
Let c(d) = -8*d**3 - 34*d**2 - 5*d - 187. What is the thousands digit of c(-16)?
3
Let w = -74891 + 112551. What is the tens digit of w?
6
Let p(d) = 747*d**2 - 172*d + 512. What is the thousands digit of p(3)?
6
What is the ten thousands digit of (-60 + 8)/(70/(-50430)) - (-2)/(-7)?
3
Let q(k) = 21056*k - 4. Let o be q(-2). Let g = 454 - o. What is the tens digit of g/210 + 2/7?
0
Let q = 116 - 195. Let z = -33 - q. Suppose 0 = -4*r + m + 101, -r + m = -z + 17. What is the units digit of r?
4
Let m(q) = -7*q - 1. Let u be m(2). Let a = u + -3. Let g(l) = -5*l - 25. What is the tens digit of g(a)?
6
Suppose 4*u + 3*q - 2 + 1 = 0, -4*u + q + 21 = 0. Suppose -l = -4*c + 6*c + u, c = -5*l + 7. What is the units digit of 34*((-78)/(-12) + l)?
9
Let z = -5 - -7. Let d be ((-6)/30)/(2/(-10)) - -83. Let k = z + d. What is the units digit of k?
6
Suppose 59*n = -229*n - 29*n + 4924278. What is the ten thousands digit of n?
1
Suppose -3*h - 5*m + 32452 = -5927, -6*m + 38385 = 3*h. What is the tens digit of h?
8
Suppose 11*o = 14*o - 114. Let w = o + 453. What is the units digit of w?
1
Let i = -14514 - -74951. What is the tens digit of i?
3
Suppose -233*o + 195*o = -238032. What is the units digit of o?
4
Let b(n) be the first derivative of -n**4/2 - 16*n**3/3 - 11*n**2/2 + 25*n - 51. What is the hundreds digit of b(-10)?
5
Suppose 0 = -39*k - 1633 + 56740. Suppose 41*x = 42*x - k. What is the thousands digit of x?
1
Suppose -2*s + 1716 = -4*o + 100, -5*o + 4*s - 2014 = 0. Let a = o - -727. What is the units digit of a?
1
Let y = 62 - 93. Let p = y - -31. Suppose 0 = 2*r - 3*o - o - 162, p = -5*r + 4*o + 381. What is the units digit of r?
3
Suppose -52*k - 80 = -62*k. Suppose -10*q + k*q = -2*p - 1228, -3*q = 5*p - 1834. What is the tens digit of q?
1
Let k be ((-72)/14)/(80/22120). Let i = k + 2301. What is the hundreds digit of i?
8
Let x(y) = 3*y**2 + 15*y + 1. Let a(w) = w**3 + 8*w**2 + 13*w - 5. Suppose 18*c + 12 = 16*c. Let t be a(c). What is the units digit of x(t)?
9
Let p be (-4 - -10) + -1 + -9 - -562. Suppose 0 = p*j - 564*j + 9390. What is the thousands digit of j?
1
Suppose -3*w + 4*x - 1 = -4, 2*w - 3*x - 2 = 0. What is the tens digit of (20/(-14)*w)/(9/(-252))?
4
Let i be 2 + -1 - -4 - -12. Suppose i*h - 13*h = 792. What is the units digit of h?
8
Let f be 3 + 414/3 - -1. Let t be (-12)/36 - f/(-3). Let v = 33 + t. What is the tens digit of v?
8
Let f(b) = 7*b**2 - 8*b - 5. Let j(h) = -7*h - 28. Let o be j(-5). What is the units digit of f(o)?
2
Suppose -29*y + 204576 = -23*y. What is the thousands digit of y?
4
Let l = -148 - -142. Let y be 2 - -17 - 3/l*-2. Suppose 182 = o + y. What is the tens digit of o?
6
Suppose 0 = 3*g + 3*p - 120, 11*p - 20 = -g + 15*p. What is the hundreds digit of (g/(-8))/(4/(-856))?
9
Suppose -67*y + 617952 = -51*y. What is the hundreds digit of y?
6
Let k(i) = i**3 + 13*i**2 + 11*i - 12. Let v be k(-12). Suppose -5*x - 6 - 44 = v. What is the tens digit of 34/(-85) + (288/x)/(-2)?
1
Let r(h) = 64*h**2 - 151*h - 59. What is the units digit of r(11)?
4
Suppose 3*p - 5*q = 11932, 8*p + q = 5*p + 11920. What is the thousands digit of p?
3
Let k(p) = -12*p**3 - 65*p**2 - 26*p - 19. What is the hundreds digit of k(-12)?
6
Let m = -15988 + 57610. What is the thousands digit of m?
1
Let z be 1/(-1) - (-1)/(-2)*-1262. Suppose 0 = 22*x - 17*x - z. Suppose -9*l - x = -1062. What is the hundreds digit of l?
1
Let h(c) = -c**2 + 26*c - 7. Suppose -6*n + 4*g = -5*n + 41, 4*g = -n - 33. Let b = n + 52. What is the tens digit of h(b)?
5
What is the units digit of 1/(((-11)/(-11))/421)?
1
Let d = 28297 + -7470. What is the ten thousands digit of d?
2
What is the hundreds digit of (-3946)/((90/(-300))/((-6)/(-5)))?
7
What is the tens digit of 4/10 + 5036526/135 + 18?
2
Let f be 1*(-106)/(-34) - 66/561. Suppose -9*j = -f*j - 4140. What is the hundreds digit of j?
6
Suppose 4*c - 3990 = -2*o, 7*o = 2*c + 10*o - 1993. Suppose c = 4*z + 102. What is the hundreds digit of z?
2
Let q = -43 + 51. Suppose 2*z + 2 = q. Let j(x) = 12*x**2 + x - 1. What is the hundreds digit of j(z)?
1
Suppose -17 - 4 = 7*q. Let i be 2 + q*(-3)/9. Suppose 187 = i*w + 73. What is the tens digit of w?
3
Let z = -193 + 208. Suppose 11*g - 8294 = -z*g. What is the units digit of g?
9
Let x(a) = -8*a - 12. Let v be x(-3). What is the units digit of (v/(-30))/((-3)/(-570)*-2)?
8
Suppose -21*h + 3130 = 2*u - 23*h, u = -5*h + 1589. What is the units digit of u?
9
Let f(w) = w + 1. Let z(y) be the second derivative of -17*y**3/6 - 24*y**2 + 31*y. Let j(x) = -f(x) - z(x). What is the tens digit of j(10)?
0
Let t = -407 - -2428. What is the units digit of t?
1
Let d(u) = 5*u**2 - 4*u - 5. Let w = 68 + -69. Let n be d(w). Suppose -6*g = -44 - n. What is the units digit of g?
8
What is the thousands digit of (-248838)/(-30) - 48/30?
8
Let o(s) = 41*s**2 + 4*s + 75. What is the hundreds digit of o(-5)?
0
Let d(s) = s**3 - 7*s**2 - 21*s + 2. Suppose h = i + 8, h = -2*i - 4*h + 12. Let y(l) = 2*l + 18. Let j be y(i). What is the units digit of d(j)?
2
Let d(p) = 17*p - 80. Let m(n) = -11*n + 54. Let h(l) = 5*d(l) + 8*m(l). What is the tens digit of h(0)?
3
Suppose 2*p + 5*j = 21, 4*p + 3*j = 15 - 8. Suppose 5*l - 1 + 16 = 0, 5*l + 1375 = 4*f. What is the units digit of (f/51)/(p/(-9))?
0
Suppose 4*r + 43 = 5*u, 0 = -4*u + 2 - 22. Let m(p) = 2*p**2 + 4*p - 42. What is the units digit of m(r)?
8
Suppose -2*u + z + 21 = -2*z, -2*u + 5*z + 31 = 0. Suppose 44 + 6 = 5*g - 3*d, u*g - 30 = -3*d. What is the tens digit of 9 - g - (-71 - 0)?
7
Suppose -r - 2 = -68. Let t = 36 - 25. Let b = t + r. What is the tens digit of b?
7
Suppose -21*u + 22641 = -9909. Suppose -9*q = -14*q + z + u, 0 = -5*q - 4*z + 1575. What is the hundreds digit of q?
3
Suppose -2 - 7 = -3*f. Suppose 0 = -f*t + 4*t - 84. Suppose i + t = 3*i. What is the units digit of i?
2
Let a(s) = s**2 + 4*s + 6. Let n be a(-3). Let u be (-39)/((n/(-18))/(10/15)). Suppose -4*x + u = -304. What is the hundreds digit of x?
1
Let k be 4/(-28) + (-465)/(-21). Suppose 4*x + 2*q = -k, -3*q = -x - x - 23. What is the units digit of 1410/14 - 2/x?
1
Let j(g) = 602*g**2 + 113*g + 71. What is the tens digit of j(6)?
2
Let d be 5 - 4/4*4. Let j(f) = -4*f - 2. Let s be j(-2). Let y = s - d. What is the units digit of y?
5
Let i be (-27)/18 + 19/2. Let z(c) = -4 + 0*c*